6)). Calculate the highest common factor of l and 780.
60
Let m be 61/((-22692)/(-5976)) - (-4)/(-62). Suppose -64 = -4*h + 64. Calculate the greatest common factor of m and h.
16
Let h be 0/((-1 - -2) + 0 + -3). Suppose h = 8*d - 117 - 555. Calculate the greatest common divisor of d and 273.
21
Suppose 2*v = 206 + 122. Let i be ((-1435)/v)/(1/(-24)). Calculate the highest common factor of i and 84.
42
Let z(s) = 3*s**3 - 4*s**2 + 5*s - 4. Let x be z(2). Let j be 448/12*(-6)/(-4). Let v be j/6*3/2. What is the highest common divisor of v and x?
14
Let u = 115116 + -81693. What is the highest common factor of 39 and u?
39
Let g = 1755 + -1447. Calculate the highest common factor of g and 189.
7
Let b(f) = 3*f**2 - 46 + 9*f**2 - 4*f**2 - f + 45. Let q = 1 + -2. Let v be b(q). Calculate the highest common divisor of v and 8.
8
Suppose 5*n = -195 + 25. Let y be n/51*(-9)/2. Suppose -f - 2*j = -8, 0 = 5*j + 8 - y. Calculate the greatest common factor of f and 25.
5
Let k be 6 + 275 + -2 + 1. Let i(g) = -g**3 + 3*g**2 + 20*g. Let c be i(6). Let v be (-54)/(-21)*k/c. Calculate the greatest common factor of v and 6.
6
Let h(j) = 5*j**3 + 2*j**2 + 5*j - 4. Let b be h(-4). Let z = b - -378. What is the highest common factor of z and 44?
22
Let r(q) = q + 10 + 3*q - 4*q + 2*q**2 - 4*q. Let d be r(2). Suppose 9*a - 100 = -a. Calculate the greatest common divisor of a and d.
10
Suppose -q = t - 4*q - 1510, -3016 = -2*t + 5*q. Calculate the highest common factor of t and 266.
14
Suppose -16 = -7*o + 5. Suppose o*z - 66 = 4*a + 56, -80 = -2*z + 4*a. Calculate the highest common factor of 84 and z.
42
Let i(l) = l**2 - 10*l - 55. Let b be i(14). Let m be (-7 - -8 - (-3)/b) + 0. Calculate the greatest common divisor of 292 and m.
4
Let x = -7148 - -9938. What is the highest common divisor of x and 150?
30
Suppose 0 = 4*v - 4310 + 1466. What is the greatest common divisor of v and 79?
79
Let k be 0*(3 - (-2 - -4)) + 82. Let c = -14 + k. Suppose -60 = -5*b - 2*o, o = -5*b + c - 13. What is the greatest common factor of b and 10?
10
Let y(k) = 38*k + 23. Suppose 13 + 3 = 8*h. Let i be y(h). What is the highest common factor of i and 11?
11
Let i be 212/265 - (2 - (-46)/(-5)). Let s(j) = -j**2 + 12*j + 6. Let f be s(i). What is the highest common factor of f and 304?
38
Let l(n) = -n**3 + 19*n**2 + 28*n + 53. Let a be l(20). Let o = 233 - a. What is the highest common factor of o and 280?
20
Let h = -6704 - -6756. What is the greatest common factor of h and 5018?
26
Let f be 4 - 1 - (-6 - 1)*1. Suppose f*g - 315 = g. Calculate the greatest common factor of 25 and g.
5
Let j = -5866 - -6108. Calculate the greatest common divisor of 4235 and j.
121
Let o = 31 + -26. Suppose -3*m = -3*d + 3, d + 3*d = o*m. Suppose -j = d*z - 100, 2*z - z - 2*j - 31 = 0. Calculate the greatest common factor of z and 14.
7
Let z = -8 - -112. Suppose -l - 23 + 72 = -3*y, -2*l + z = -3*y. Let t = 535 - 524. What is the greatest common divisor of l and t?
11
Suppose -g + 21210 - 18299 = 0. What is the greatest common factor of 142 and g?
71
Let u(n) = -n**3 - 16*n**2 + 78*n + 9. Let v be u(-20). Let c = v + 231. What is the highest common divisor of 40 and c?
40
Let y = -5130 + 5182. Let j = -500 + 968. What is the greatest common divisor of j and y?
52
Let j(q) = 3*q**3 - 2*q**2 - q - 10. Let o be j(3). Suppose -7*s - 22 + o = 0. What is the highest common divisor of 1 and s?
1
Let j = -11047 - -11083. Calculate the greatest common factor of j and 3357.
9
Let l be 2/(-12)*-132 + 613. Calculate the highest common factor of 3937 and l.
127
Let r = -6551 - -13691. Calculate the greatest common divisor of r and 84.
84
Let o(y) = 13*y**2 + 5*y - 6. Let m be o(5). Let n be 9*2/6*10. Let q be n/50 + m/10. Calculate the highest common factor of q and 5.
5
Suppose -5*q = 12*q + 1462. Let p = q - -518. Calculate the greatest common factor of p and 27.
27
Let p be 3/(-1) + (-1792)/(-14). Let b = 137 - p. Calculate the greatest common divisor of 84 and b.
12
Let s be (51320/18 - 1) + 7 + 512/(-72). What is the greatest common divisor of s and 798?
114
Suppose 152*a - 149*a = 5*k - 325, -2*a + 10 = 0. Calculate the highest common factor of 6 and k.
2
Suppose 0 = 2*u + 5*p - 185, 54*u - 53*u = -4*p + 88. Suppose -270 = -k - u. Calculate the highest common factor of 34 and k.
34
Let c(q) = q**2 + 3*q - 1. Let f be c(2). Suppose 7 = -f*s + 97. Calculate the highest common divisor of s and 50.
10
Let j(g) = -g**3 - 4*g**2 + 14*g + 20. Suppose -18*d + 14 = 122. Let l be j(d). Calculate the highest common divisor of l and 200.
8
Suppose -2147*p = -2138*p - 1953. Calculate the highest common divisor of p and 4.
1
Suppose -9*c = -14*c + 1830. Suppose 0 = -2*a + s + s + c, 0 = a + 2*s - 198. Calculate the greatest common divisor of 4 and a.
4
Suppose 0 = -3*s + 94 - 13. Let d(l) = -117*l - 115. Let p be d(-5). Suppose 465*m - p*m = -45. Calculate the greatest common factor of m and s.
9
Let x(f) = 2 - 3*f - 7*f - 20 - 31. Let q be x(-5). What is the greatest common divisor of q and 2?
1
Let m = -2 + -3. Let n = m + 11. Let r(z) = 11*z**2 + 138*z + 90. Let u be r(-12). What is the highest common divisor of n and u?
6
Let v(a) = 12*a + 9. Let i be v(8). Let k = -29 + i. Let m = 6 + 13. Calculate the greatest common factor of k and m.
19
Let i = 11311 + -8236. Calculate the greatest common factor of 60 and i.
15
Let x = 115382 + -114979. Suppose 5*d = i + 311, -2*d + d - i = -61. What is the greatest common divisor of d and x?
31
Let o = 191 - 181. Suppose -5*r + 446 = -4*y, 0 = -14*r + 18*r + y - 361. What is the greatest common factor of r and o?
10
Suppose 0 = -5*l + 20, 5*l - 7 = 2*t + 5. Suppose 0 = 4*a - t - 0. Let q be (6 - 5)*(a + 0)*26. Calculate the greatest common divisor of 39 and q.
13
Suppose m = -2*n + 2475, -5*n + 7436 = 3*m - 10*n. Suppose 385 = 6*o - m. What is the highest common divisor of o and 53?
53
Let j(r) = r**3 + 11*r**2 + 5*r + 14. Let t be j(-6). Calculate the greatest common factor of t and 3362.
82
Suppose -10*g + 16 = -14*g. Let m be 343 - (-6)/g*2. Suppose -m = -2*q + 2*t - 30, 0 = 3*t + 9. Calculate the greatest common factor of 19 and q.
19
Suppose 3*r - 1244 = 5*w, -r - 5*w + 258 = -170. Suppose -2*s - 17*s = -r. Calculate the greatest common divisor of 198 and s.
22
Let k(m) = 4*m**2 - 45*m + 234. Let b be k(9). What is the highest common factor of 3111 and b?
51
Suppose 4*m - 1310 = 5*w, -712*m = -715*m - 2*w + 948. Suppose 334 = 4*o - 146. Calculate the highest common factor of m and o.
40
Suppose -27*j = -22*j - 20. Suppose 43 = 5*x + j*b, x - b - 15 = -1. Suppose -x = -2*h + 25. What is the greatest common divisor of 36 and h?
18
Let t = -67652 + 67653. Suppose 3*v - f - 392 = -5*f, 0 = -f + 2. Calculate the greatest common factor of v and t.
1
Let o = 38650 + -22119. What is the greatest common divisor of 61 and o?
61
Let n = -8 - -22. Suppose r + h = -4*h - 4, 2*h - 32 = r. Let q be (r/n)/((-2)/7). Calculate the greatest common factor of 8 and q.
2
Let y(u) = -101*u - 43. Let m be y(-4). Let n = m + -308. Calculate the greatest common factor of 159 and n.
53
Suppose 8*z + 20 = 4*z. Let m(b) = 6*b + 54. Let x be m(z). Suppose -8 = -5*n + 832. What is the highest common divisor of n and x?
24
Suppose 3*o = -2*m + 51, -123 = -8*o + 34*m - 35*m. Let p(z) = 29*z - 5. Let q be p(10). What is the greatest common factor of q and o?
15
Let m be (-3)/(-8) - 3858/48. Let y = 80 + m. Suppose -6*u + 5*u + 14 = -5*x, -2*x = y. What is the highest common divisor of 4 and u?
2
Let j = 2229 - 1745. Calculate the greatest common factor of 33 and j.
11
Suppose -161*o + 9020 = -106*o. What is the greatest common divisor of o and 820?
164
Let w be (-1372)/6*(-510)/68. What is the highest common factor of 70 and w?
35
Suppose -91*x + 117 = 97*x - 179*x. What is the highest common divisor of x and 14?
1
Let u(k) = -k**3 + 7*k**2 + 9*k - 11. Let d be u(8). Let h be 198*(-4)/12*d. Let c be 18*(-4)/(-12)*(4 + -1). Calculate the highest common divisor of h and c.
18
Let i(t) = 2*t**2 + 29*t - 2. Let h be i(-14). Let z be (((-9)/(-6))/(-3))/(2/h). Suppose z*m - 2 = 58. Calculate the highest common divisor of 15 and m.
15
Let z be (-1)/((5 + (-386)/78)/(-2)). Suppose -z*u + 13*u + 4004 = 0. Cal